{"id":1967,"date":"2019-03-31T07:36:46","date_gmt":"2019-03-31T05:36:46","guid":{"rendered":"https:\/\/supply-optimum.com\/?post_type=product&#038;p=1967"},"modified":"2022-06-21T13:01:53","modified_gmt":"2022-06-21T11:01:53","slug":"forfait-supply-online","status":"publish","type":"product","link":"https:\/\/supply-optimum.com\/index.php\/produit\/forfait-supply-online\/","title":{"rendered":"Forfait Supply Online"},"content":{"rendered":"<p>Le service de conseil en ligne \u00ab Supply Online \u00bb en d\u00e9tails :<\/p>\n<ul>\n<li>Un abonnement de base d\u2019un an de conseil en ligne, comprenant 12 consultations par an, avec des \u00e9changes personnalis\u00e9s gr\u00e2ce \u00e0 une adresse mail d\u00e9di\u00e9e et communiqu\u00e9e lors de l\u2019abonnement au service.<\/li>\n<li>Les consultations peuvent \u00eatre effectu\u00e9es par tous les salari\u00e9s de l\u2019entreprise faisant partie de la liste des personnes ayant acc\u00e8s au service.<\/li>\n<li>Les demandes ou consultations seront envoy\u00e9es par mail \u00e0 l\u2019adresse transmise lors de l\u2019inscription et concerneront une probl\u00e9matique Supply Chain.<\/li>\n<li>Le bilan d\u2019une \u00bd journ\u00e9e en entreprise pour \u00e9tudier l\u2019organisation de la Supply Chain sera compos\u00e9 d\u2019un certain nombre de rendez-vous fix\u00e9s au pr\u00e9alable avec votre \u00e9quipe de Direction de l\u2019entreprise. Ceci permettra l\u2019analyse du mod\u00e8le existant.<\/li>\n<li>L\u2019objectif est d\u2019identifier les points qui n\u00e9cessitent une action rapide, et les points qui demandent une analyse plus approfondie.<\/li>\n<li>A l\u2019issue du bilan, vous pourrez demander \u00e0 faire \u00e9voluer le forfait initial \u00ab Supply Online \u00bb en forfait \u00ab Supply Premium \u00bb apr\u00e8s acceptation du devis de l\u2019audit Supply Chain propos\u00e9 sur ladite offre. Les consultations utilis\u00e9es seront transf\u00e9r\u00e9es et d\u00e9duites du nouveau forfait \u00ab Supply Premium \u00bb.<\/li>\n<\/ul>\n","protected":false},"excerpt":{"rendered":"<p>. Abonnement annuel de conseil Supply Chain<br \/>\n. Consultations ouvertes \u00e0 tous les employ\u00e9s<br \/>\n. Echanges personnalis\u00e9s<br \/>\n. Bilan d\u2019une \u00bd journ\u00e9e en entreprise<\/p>\n","protected":false},"featured_media":2510,"comment_status":"open","ping_status":"closed","template":"","meta":[],"yst_prominent_words":[96,128,39,83,62,78,123,117,111,81,87,99,126,49,72,57,38,114,120],"_links":{"self":[{"href":"https:\/\/supply-optimum.com\/index.php\/wp-json\/wp\/v2\/product\/1967"}],"collection":[{"href":"https:\/\/supply-optimum.com\/index.php\/wp-json\/wp\/v2\/product"}],"about":[{"href":"https:\/\/supply-optimum.com\/index.php\/wp-json\/wp\/v2\/types\/product"}],"replies":[{"embeddable":true,"href":"https:\/\/supply-optimum.com\/index.php\/wp-json\/wp\/v2\/comments?post=1967"}],"wp:featuredmedia":[{"embeddable":true,"href":"https:\/\/supply-optimum.com\/index.php\/wp-json\/wp\/v2\/media\/2510"}],"wp:attachment":[{"href":"https:\/\/supply-optimum.com\/index.php\/wp-json\/wp\/v2\/media?parent=1967"}],"wp:term":[{"taxonomy":"yst_prominent_words","embeddable":true,"href":"https:\/\/supply-optimum.com\/index.php\/wp-json\/wp\/v2\/yst_prominent_words?post=1967"}],"curies":[{"name":"wp","href":"https:\/\/api.w.org\/{rel}","templated":true}]}}